= -4107 - -6202. What is the thousands digit of q?
2
Let v(g) = g - 61 + 164 - 9 + 129. What is the units digit of v(0)?
3
What is the tens digit of ((-13)/(-2))/((-16)/(-3104))?
6
What is the units digit of (-1)/((-90)/34752) - (-10)/(-75)?
6
Let d(b) = -3*b + 1. Let t be d(-1). Suppose 5*q = t*q + 6. Suppose a - q*a + 5 = 0. What is the units digit of a?
1
Let x(q) = 6*q - 5. Let d be x(-6). Let y = -66 - d. What is the tens digit of (-1 - 0)*(5 + y)?
2
Suppose -3*s + 100 = -0*k + 2*k, 5*k + 5*s - 240 = 0. Suppose -3*c = i - 8*c - k, 5*i = 3*c + 242. What is the tens digit of i?
4
Suppose -4*d = -5*d + 14. Suppose -d*z + 135 = -5*z. What is the units digit of z?
5
Let u be (-2)/((2/(-12))/(10/30)). Suppose -402 = -u*t + 414. What is the tens digit of t?
0
What is the hundreds digit of (-874 + -9)*(0 + (-1)/1)?
8
Let q(l) be the first derivative of 1/4*l**4 + 6*l - 3 + 11/2*l**2 + 4*l**3. What is the units digit of q(-11)?
6
Let l(w) = -w**3 + 20*w**2 + 17*w - 18. What is the units digit of l(20)?
2
Suppose 4250 = 4*f - 7258. What is the thousands digit of f?
2
Suppose -288*w + 286*w + 210 = 0. What is the units digit of w?
5
Suppose -4*b = 6*b + 10. What is the tens digit of b/(-10)*5*262?
3
Let w = 1900 - 1270. What is the units digit of w?
0
Let i = 5 + -1. Let n be 2/i - (-1)/(-2). Suppose 7*c - 2*c - 130 = n. What is the tens digit of c?
2
Let q(d) = 20*d**3 + d**2 - 2*d + 1. Let c be q(1). Suppose 5*o - c = 0, 5*v + 2*o - 6*o - 319 = 0. What is the units digit of v?
7
Let i(v) = 2*v**2 + 7*v + 7. Let o be i(-2). What is the tens digit of 1 - (o*-6)/(9/156)?
0
Let y(f) = -6*f - 16*f + 0*f - 4 - 8*f. What is the units digit of y(-4)?
6
Let d be 4 - ((-5)/5 + 7). Let v(q) = 24*q**2 - 3*q - 4. What is the units digit of v(d)?
8
Let d(s) = s**3 - 5*s**2 - 5*s + 1. Let q be d(6). Suppose -2*b = 2*i - 54, i - q = -4*b + 35. Let r = 35 - i. What is the units digit of r?
3
Let b be 1/3 + (-1170)/(-54). Suppose a = 3*a - b. What is the units digit of a?
1
Let j(z) = -z**3 - 4*z**2 + 7*z. Let t be j(-5). Let l = -12 - t. What is the tens digit of (17/l)/(11/(-22))?
1
Let b(q) = 2*q - 20. Let r(o) be the third derivative of 13*o**4/24 + o**3/6 - 7*o**2. Let t be r(1). What is the units digit of b(t)?
8
What is the units digit of (796/(-20) - 3)/(8/(-100))?
5
Suppose -5*j = 3*j + 56. Let t(f) = 2*f + 18. What is the units digit of t(j)?
4
Let c(w) = -13*w + 6. Let y(a) = -20*a + 9. Let s(x) = 8*c(x) - 5*y(x). Let n be s(8). Let p = -1 - n. What is the tens digit of p?
2
Let z(a) = 5*a**3 - 9*a**2 + 9*a - 4. Let l(m) = 27*m**3 - 47*m**2 + 46*m - 21. Let r(j) = -2*l(j) + 11*z(j). Let i = 1 + 4. What is the units digit of r(i)?
3
Let c(f) = 2295*f - 116. What is the thousands digit of c(1)?
2
Suppose 8*r = 5*r + 24. Suppose r*v - 336 = v. What is the units digit of v?
8
Let s(d) = d**3 + 9*d**2 - d - 1. Let r be s(-9). Let m = -2 + r. Suppose 0*x + m = 3*x. What is the units digit of x?
2
Let n = 220 - -35. What is the units digit of n?
5
Suppose -2*r - 2982 = -9*r. Suppose 3*m + 5*o - r = 3*o, -o - 579 = -4*m. What is the hundreds digit of m?
1
Suppose -20 = -5*x, -1671 = -4*q + 3*x + 1133. What is the tens digit of q?
0
Let c = -3155 - -5588. What is the tens digit of c?
3
Let b = -127 - -189. What is the tens digit of b?
6
Suppose -2965 = -11*n + 3668. What is the hundreds digit of n?
6
Suppose 4*i - 23 = 1. Let y = i - 10. Let u(o) = -5*o. What is the tens digit of u(y)?
2
Let a = -42 + 91. Suppose -5*o + 231 = -a. What is the units digit of o?
6
Let n = 1790 + -25. What is the hundreds digit of n?
7
Let h be 0 - (1043/(-35) + (-1)/5). What is the units digit of -262*((-6)/9 - (-5)/h)?
1
What is the tens digit of (5/15)/1 + (-15584)/(-12)?
9
Let d(y) = 13*y**2 + 21*y + 16. What is the units digit of d(-13)?
0
Let j(b) = -b**3 + b**2 + b. Let m(c) = -3*c**3 + 11*c**2 - 5*c + 5. Let y be -1*((-1)/1 - 0). Let h(r) = y*m(r) - 4*j(r). What is the units digit of h(-8)?
3
Let y(c) = c**3 - 7*c**2 - 6*c + 11. Let n be (-6)/(-27) - (-70)/9. Let m be y(n). Suppose -u + m = -44. What is the tens digit of u?
7
Let f(y) = -y**3 + 5*y**2 - 6*y + 6. Let o be f(6). Let h = 114 + o. What is the units digit of h?
8
Suppose -2*w = -0*w - 3*c - 1357, -5*c + 2659 = 4*w. Let v = w + -415. What is the hundreds digit of v?
2
Suppose -6 = -p + 10. Suppose g - 93 = p. What is the units digit of g?
9
Let s = -30 + 27. Let p(l) = l**2 + 2*l + 2. Let x be p(s). Suppose -2*z = -2*c - 14, -x*c = -4*c + 4. What is the units digit of z?
3
What is the hundreds digit of 1440 - (21/42 + (-2)/4)?
4
Let u(q) = -11*q**2 - 1. Let n be u(1). Suppose 26*x - 64 = 1262. Let j = n + x. What is the units digit of j?
9
Let v = 46 + -67. Let p be (v - -19) + (8 - 0). Suppose 3*r - p = -0. What is the units digit of r?
2
Suppose 4*s = -3*t + 151, 5*s - 2*t - 145 = 3*t. Let z be -5*(25/5 + -6). Suppose 2*i - s = -3*x, z*i + 24 = 4. What is the units digit of x?
4
Let k = -200 - -199. Suppose 24 = -3*g + g. What is the units digit of (20*k)/(6/g)?
0
Suppose 5*k = -5*y - 30, 3*y + 7 + 11 = -4*k. Let f(v) = -v**3 - 7*v**2 - 24*v + 4. What is the units digit of f(y)?
2
Let a(n) = 4*n + 137. What is the units digit of a(22)?
5
Suppose -4*r + 1 + 35 = 0. Suppose -r + 0 = -3*a. Suppose 0 = -a*i - 15 + 153. What is the tens digit of i?
4
Let v = -6027 - -8449. What is the tens digit of v?
2
Let z = -238 - -1547. What is the thousands digit of z?
1
Let l = 51 - 49. Suppose w - 3*w + t = -391, l*w - 5*t = 411. What is the hundreds digit of w?
1
Let l(c) = -19*c + 482. What is the tens digit of l(15)?
9
Let p(d) = d**3 + 7*d**2 + 7*d + 4. Let o be p(-6). What is the hundreds digit of (232/(-2)*-1)/(o - -3)?
1
Let v be 4/1 - (-2 + 5 - 51). Let m = 210 + v. What is the hundreds digit of m?
2
Let l = -228 + 625. Let k = 574 - l. What is the hundreds digit of k?
1
Let o = 532 + -589. Let m(h) = 114*h**2 + 1. Let q be m(-1). Let j = q + o. What is the tens digit of j?
5
Let a = -10 + -31. Let d = a + 122. What is the tens digit of d?
8
Let h be 0 + (-4 - -126) - -1. Let d = h - 65. What is the tens digit of d?
5
Let w = -24 + 29. What is the tens digit of w/5*(-1 - -16)?
1
Let r = -38 - -45. Suppose -r*t + 2*t + 525 = 0. What is the hundreds digit of t?
1
Suppose -9 + 17 = -4*y. Let m be 44 + (3 - (-4)/y). Suppose -35*o + 36*o = m. What is the tens digit of o?
4
Suppose -3*g - 2*q + 2211 = 0, 0 = 5*g + q - 3355 - 330. What is the units digit of g?
7
Suppose 10*r - 95 = 235. Let f = r - -108. What is the tens digit of f?
4
Let v = -14 - -8. Let w(a) = -7*a + 6. Let f be w(v). Suppose -2*q = 2*q - f. What is the tens digit of q?
1
Let j(a) = a**3 + 6*a**2 + 5*a. Let c be j(-5). Suppose p + 7 = -c*p. Let m(h) = -h**3 - 8*h**2 - 7*h + 2. What is the units digit of m(p)?
2
Suppose 3754*p - 3748*p - 8382 = 0. What is the tens digit of p?
9
What is the thousands digit of ((-5156)/16)/(13/(-52))?
1
Let i(x) = x**3 + 6*x**2 - x - 1. Suppose -z = -3 - 1. Suppose -5*n = -5, -11 = 3*g + z*n + 3. What is the units digit of i(g)?
5
Let q be 11/(-33) + 26/(-3). Let l = q + 2. What is the units digit of -3 + (-3 - l) - -59?
0
Let m = 60 - 16. Let c be 10/(-15) + 8/3. Suppose 2*y + h = 2*h + 44, -m = -c*y + 5*h. What is the tens digit of y?
2
Let m(z) = 71*z - 118. What is the hundreds digit of m(6)?
3
Let u(i) = i**3 + 6*i**2 + 7*i + 8. Let p be u(-5). Let n be 1/(-1) - p*2. Suppose 94 = 3*t + c, -2 = -5*c + n*c. What is the tens digit of t?
3
Suppose -10*a + 9765 = -a. What is the tens digit of a?
8
What is the thousands digit of ((-3200)/(-3) - -1) + (-278)/417?
1
Let u(f) = -8*f + 340. What is the tens digit of u(35)?
6
Let r be (6/4 + -3)*18. Let k = r - -30. What is the units digit of k?
3
What is the hundreds digit of (22416/(-10 + 2))/(-1)?
8
Suppose -12*j + 124832 = 20*j. What is the thousands digit of j?
3
Suppose -33*i + 192338 = i. What is the hundreds digit of i?
6
Let p be 1/(-3)*(1 + -7). Let y be 49 - (-4 - (-2)/p). Suppose -2*h + 4*h = y. What is the units digit of h?
6
Let x = 2891 - 1735. What is the hundreds digit of x?
1
Suppose -3*q - 149 = 4*a + 491, 294 = -2*a + 5*q. Let j = a - -335. What is the units digit of j?
8
Let n be (24/(-9))/((-4)/(-6)). Let l(b) = 3*b**2 + 2*b + 9. What is the units digit o